tors of p(s)?
2, 3
Suppose x + 2*x = b + 17, -4*x + 12 = 0. List the prime factors of 4 - 0 - 4*(-2)/b.
3
Let t be ((-4)/10)/((-6)/1770). Let d = t + -38. Suppose d = 3*c - p, -2*p + 98 = 4*c + 8. List the prime factors of c.
5
Suppose k + 5*h = 3*h - 285, 1192 = -4*k + 5*h. Let w = -152 - k. List the prime factors of w.
3, 47
Let v(u) = 19*u**2 - 3*u - 4. Suppose 0 = -y - 1, 5*x = 4*x + 2*y. List the prime factors of v(x).
2, 3, 13
Suppose 0*i + 84 = 6*i. Suppose 0 = -5*a + 459 - i. What are the prime factors of a?
89
Suppose -3*c + 0*c + 15 = 0. Suppose 6*v - 34 = c*v. Suppose -28*b + 30*b - v = 0. What are the prime factors of b?
17
Let h(u) = 129*u - 58. List the prime factors of h(1).
71
Suppose 2*q - 4 = 0, -3*n = 5*q - q - 227. Let y = n - -212. List the prime factors of y.
3, 5, 19
Suppose 2*p - j + 161 = -0*p, 5*p = -j - 399. List the prime factors of p/(-14)*(-14)/(-4).
2, 5
Let p = 98 + -163. Let w = -8 - p. List the prime factors of w.
3, 19
Suppose 3185 = 7*j - 294. List the prime factors of j.
7, 71
Let x(i) = -44*i**3 + 4*i**2 - 9*i - 20. What are the prime factors of x(-5)?
3, 5
Suppose -2*a = 4*w + 6, 4*w - 77*a + 74*a = 9. Let p = -5 - -8. Suppose w*y - p*y = -153. What are the prime factors of y?
3, 17
Let n = -149 - -223. Suppose -2*i - y + 0*y = 105, 2*i + 4*y + 120 = 0. Let u = n + i. What are the prime factors of u?
2, 3
Let p(q) = -9*q + 6 + 2*q - 6*q - 1. Let j be p(-2). Let l = j + -19. What are the prime factors of l?
2, 3
Let p = 14 - -16. Suppose -3*z + p = 4*c + c, -2*c + 40 = 4*z. What are the prime factors of z?
2, 5
Suppose 29379 = 19*c - 43144. What are the prime factors of c?
11, 347
Let k = -31 + 32. Let m(s) = -s - k + 4 + 0 + 0. List the prime factors of m(1).
2
Let d = -1372 + 1931. List the prime factors of d.
13, 43
Suppose 4*v = -6*v + 560. What are the prime factors of v?
2, 7
Let w(m) = 7*m + 5. Let p be w(-4). List the prime factors of 3 - (0 - -3) - p.
23
Let r(v) = 399*v - 6. List the prime factors of r(1).
3, 131
Let a(p) = -2*p**3 - 10*p**2 - 2*p**3 - 13*p - 7 + 3*p**3 + 9*p. What are the prime factors of a(-10)?
3, 11
What are the prime factors of (-23)/(-345) + 12074/15?
5, 7, 23
Let g(a) be the first derivative of a**4/4 - a**2/2 + 3*a - 13. List the prime factors of g(2).
3
Suppose a = 4*k - 5 - 42, 2*a = -2*k + 16. Suppose 0 = -5*g + 3*x + 7 + k, -3*g - 5*x + 4 = 0. Suppose 0 = -u + 1 + g. List the prime factors of u.
2
Let j(w) = 10*w**2 - 5*w + 200. List the prime factors of j(20).
2, 5, 41
Suppose -9 = -5*a + 6. List the prime factors of ((-24)/(-44))/a + (-570)/(-11).
2, 13
Let j(p) = -7*p**2 - p**3 + 112 - 9*p - 112. Suppose 0 = s + s + 12. List the prime factors of j(s).
2, 3
Let j = 17 - -55. Suppose j = 3*s - 87. List the prime factors of s.
53
Suppose -7*g + 3*g + 1128 = 0. What are the prime factors of g?
2, 3, 47
Let f = 11 + -5. Suppose f*p - 4 = 8. What are the prime factors of p?
2
Suppose -36*n = -3631 - 17105. What are the prime factors of n?
2, 3
Let q be ((-20)/(-12) - 1)*3. Suppose -q*z + 206 + 344 = 0. Suppose -z + 107 = -4*b + 4*d, 2*b - 59 = -3*d. What are the prime factors of b?
37
Suppose 5 = -4*d + 5*d. Let u be ((-292)/10)/(d/25). What are the prime factors of 22/33 + u/(-6)?
5
Suppose 29*h - 30*h = -276. What are the prime factors of h?
2, 3, 23
Let f(j) = -j**2 - 27. Let p be f(8). List the prime factors of 597/7 - (-26)/p.
5, 17
Let m(b) = -b**3 - 8*b**2 - 7*b + 5. Let u be m(-7). Let y be ((-12)/9)/(u/315). Let w = -40 - y. List the prime factors of w.
2, 11
Let a be (705/6 + -4)*2. Let i = 329 - a. What are the prime factors of i?
2, 3, 17
Let u(n) = -5*n + 692. List the prime factors of u(30).
2, 271
Suppose -2*s = -l + 69, 6*s = 3*s + 5*l - 114. What are the prime factors of ((-22)/s)/(4/198)?
3, 11
Let b(q) = q + 2. Let a be b(2). Suppose -5*k - 3 = 3*p, 2*k - 7 = -a*p + 3. Suppose -p*m = m - 250. List the prime factors of m.
2, 5
Suppose 0 = 18*u - 19*u - 19. Suppose 5*i = 2*m + 81 + 69, i + 3*m = 30. Let q = u + i. List the prime factors of q.
11
Let i(u) = u**3 - 7*u**2 - u + 8. Let a be i(7). Let s be ((-825)/(-60))/(a/4). Suppose s + 49 = 2*z. What are the prime factors of z?
2, 13
Suppose 1251 = 6*i - i - 4*y, 3*y - 235 = -i. What are the prime factors of i?
13, 19
Suppose 31 = 6*l - 17207. List the prime factors of l.
13, 17
Let i = -40 + 84. Suppose 5 + 31 = 4*d. Suppose -i = -b + d. List the prime factors of b.
53
Suppose -220 = -48*m + 43*m. What are the prime factors of 4272/22 + (-8)/m?
2, 97
Suppose 0 = 3*u + u + j + 18, -u + 4*j = -4. Let c be (-2)/4*(u + 2). Suppose -c + 5 = z. List the prime factors of z.
2
Suppose 2*q = 3*q - 728. Suppose 3*x + q = 16*x. List the prime factors of x.
2, 7
Suppose 2*m + g - 2 = 30, 2*g - 19 = -m. Suppose -c + 23 = -m. Suppose 5*q = c + 127. List the prime factors of q.
3, 11
Let j(o) = -15*o**2 + 20*o - 15. Let y(a) = -5*a**2 + 7*a - 5. Let c(w) = -6*j(w) + 17*y(w). List the prime factors of c(3).
47
Let d(y) = y**2 - y + 2. Let p be d(2). What are the prime factors of -158*3/p*(-4)/6?
79
Let p = 30 + -26. Suppose 2*h + 25 = -4*i + i, i - 3 = 5*h. List the prime factors of (p + i)*(-19)/3.
19
Suppose 114*l - 1131 = 113*l. What are the prime factors of l?
3, 13, 29
Suppose -8 = 2*j, 5*j = -5*r + 4207 + 4708. What are the prime factors of r?
1787
List the prime factors of 72/30 + -2 - (-20484)/15.
2, 683
Suppose 6*x - 2*x - 4*s = 5216, 4*x - 5216 = -4*s. List the prime factors of x.
2, 163
Suppose 5*m + 8*y = 7*y + 13186, 2*y = 4*m - 10560. What are the prime factors of m?
2, 1319
Suppose -4*v - 34 = 3*f, 3*v + 2*f + 18 + 7 = 0. Let j(i) = i + 13. Let q be j(v). Suppose -q*m = -11*m + 205. List the prime factors of m.
41
Let y(i) = 2*i**2 - 5*i + 6. Let t be 1 - (-2 - (3 + -2)). Let r be y(t). Suppose r = f + f. List the prime factors of f.
3
Let q = 96 - 85. Suppose q*t - 6*t = 30. What are the prime factors of t?
2, 3
Suppose u - 1652 = -5*v, -3*u - 124*v + 4995 = -122*v. What are the prime factors of u?
1667
List the prime factors of 2820/15 + (0 - -1) + -4.
5, 37
Suppose -3*p = 4*p + 1344. Let q = p - -288. Suppose 4*c - 2*z = 236, 128 + q = 4*c + 4*z. What are the prime factors of c?
2, 29
Let z be -15*(2 - 0 - 1). Let b = 45 + z. Suppose x - b = -13. What are the prime factors of x?
17
Let j(r) = -26*r - 8 - 1 - 10*r**3 + 11*r**3 + 1 - 13*r**2. List the prime factors of j(15).
2, 13
Let n be 2/7 - 132/21. Let z(g) = -5*g - 10. What are the prime factors of z(n)?
2, 5
Suppose 7*w - 169 + 15 = 0. Let s = 40 - w. What are the prime factors of 7/(7/s) + 0?
2, 3
Let d = 303 + -274. What are the prime factors of d?
29
Let s be 4/(-3 - (-5)/2). Let d be (-9)/6 - 12/s. List the prime factors of -1 + -2 + d + 28.
5
Suppose a = -4*a + 220. Let p be 33/a - (-854)/(-8). What are the prime factors of (-4 - (-7)/2)*p?
53
Suppose -14*s = -16*s. Suppose q - 5 - 5 = s. Suppose 75 = 5*b + q. What are the prime factors of b?
13
Suppose r - 1056 = -2*r. What are the prime factors of r?
2, 11
Let c be -242*(2 + 4)/3 + 0. List the prime factors of (-55)/22*c/10.
11
Suppose -v + 10 = -2*h, 2*h + 25 = -v - 3*h. Suppose 4 = -q - v. What are the prime factors of 1/4 + (-11)/q?
3
Let y = 420 - 4. Suppose -4*s - 2*f = -0*f - 814, 2*s - 2*f = y. What are the prime factors of s?
5, 41
Let h(z) = 3*z**3 - 7*z**2 + 4*z - 3. Let t(n) = -n**3 - n**2 + n + 1. Let j(c) = h(c) + 2*t(c). Let o be j(8). What are the prime factors of o/(2/(-4)*2)?
17
Let t(o) = o**2 + 3*o - 1. Suppose 2*g + 0*p = -p + 18, 2*g - 3*p = 2. List the prime factors of t(g).
3, 23
Suppose -5*d = 3*p - 546, -4*d + 4*p + 345 = -d. List the prime factors of -4 + -3*d/(-9).
3, 11
Suppose 0 = -4*x - 66 + 162. Suppose -5*c - 5*z = -95, -3*c + 4*z - x = -95. Suppose 6 = -5*h + j + c, -3*h = 5*j + 19. What are the prime factors of h?
2
Suppose 5 = 13*m - 437. List the prime factors of m.
2, 17
Suppose n - 2*n - 2*z + 558 = 0, 2*n - 3*z = 1151. List the prime factors of n.
2, 71
Let p be ((-10)/(-8))/((-5)/(-180)). Let z = p - 13. List the prime factors of z.
2
Let t(w) = -w - 8. Let u be t(-7). Let g(s) = 219*s**2 + 2*s + 1. What are the prime factors of g(u)?
2, 109
Suppose -n - 15 = -6*n, n - 1807 = -4*o. List the prime factors of o.
11, 41
What are the prime factors o